{"id":65,"date":"2024-06-13T23:52:33","date_gmt":"2024-06-13T23:52:33","guid":{"rendered":"https:\/\/altatech.mx\/?page_id=65"},"modified":"2025-03-04T15:51:16","modified_gmt":"2025-03-04T21:51:16","slug":"quienes-somos","status":"publish","type":"page","link":"https:\/\/altatech.mx\/index.php\/quienes-somos\/","title":{"rendered":"Quienes Somos"},"content":{"rendered":"\t\t<div data-elementor-type=\"wp-page\" data-elementor-id=\"65\" class=\"elementor elementor-65\">\n\t\t\t\t<div class=\"elementor-element elementor-element-6bab4bee e-flex e-con-boxed e-con e-parent\" data-id=\"6bab4bee\" data-element_type=\"container\">\n\t\t\t\t\t<div class=\"e-con-inner\">\n\t\t\t\t<div class=\"elementor-element elementor-element-51ff6855 elementor-widget elementor-widget-text-editor\" data-id=\"51ff6855\" data-element_type=\"widget\" data-widget_type=\"text-editor.default\">\n\t\t\t\t<div class=\"elementor-widget-container\">\n\t\t\t<style>\/*! elementor - v3.22.0 - 16-06-2024 *\/\n.elementor-widget-text-editor.elementor-drop-cap-view-stacked .elementor-drop-cap{background-color:#69727d;color:#fff}.elementor-widget-text-editor.elementor-drop-cap-view-framed .elementor-drop-cap{color:#69727d;border:3px solid;background-color:transparent}.elementor-widget-text-editor:not(.elementor-drop-cap-view-default) .elementor-drop-cap{margin-top:8px}.elementor-widget-text-editor:not(.elementor-drop-cap-view-default) .elementor-drop-cap-letter{width:1em;height:1em}.elementor-widget-text-editor .elementor-drop-cap{float:left;text-align:center;line-height:1;font-size:50px}.elementor-widget-text-editor .elementor-drop-cap-letter{display:inline-block}<\/style>\t\t\t\t<p><!-- wp:group {\"layout\":{\"type\":\"constrained\"}} --><\/p>\n<div class=\"wp-block-group\">\n<p><!-- wp:paragraph {\"fontSize\":\"large\"} --><\/p>\n<h1 class=\"has-large-font-size\" style=\"text-align: center;\"><span style=\"color: #000080;\"><strong>ALTA TECNOLOG\u00cdA EN ENVASADO, S.A. DE C.V.<\/strong><\/span><\/h1>\n<p><span style=\"color: #145da0;\"><!-- \/wp:paragraph --><\/span><\/p>\n<p><span style=\"color: #145da0;\"><!-- wp:paragraph --><\/span><\/p>\n<p><span style=\"color: #145da0;\">Fue fundada en 1993, por lo que se ha consolidado como una empresa l\u00edder en el mercado gracias a su vasta experiencia y compromiso con la calidad. Desde nuestros inicios, hemos trabajado arduamente para ofrecer soluciones innovadoras y eficientes en el campo del envasado de productos secos a granel como son qu\u00edmicos, granos, alimentos balanceados, harinas, polvos, fertilizantes, etc.<\/span><\/p>\n<p><span style=\"color: #145da0;\"><!-- \/wp:paragraph --><\/span><\/p>\n<p><span style=\"color: #145da0;\"><!-- wp:paragraph --><\/span><\/p>\n<p><span style=\"color: #145da0;\">Nos dedicamos al dise\u00f1o, fabricaci\u00f3n, importaci\u00f3n y servicios de equipos especializados para el envasado, asegurando que cada producto cumpla con los m\u00e1s altos est\u00e1ndares de la industria, sino que tambi\u00e9n superen las expectativas de nuestros clientes en t\u00e9rminos de eficiencia, seguridad y durabilidad. Nuestro enfoque en la innovaci\u00f3n y la eficiencia nos permite adaptarnos a las necesidades espec\u00edficas de nuestros clientes, proporcion\u00e1ndoles soluciones que optimizan sus procesos y mejoran su productividad.<\/span><\/p>\n<p>\u00a0<\/p>\n<h1 style=\"text-align: center;\"><span style=\"color: #000080;\"><strong>MISI\u00d3N<\/strong><\/span><\/h1>\n<p><span style=\"color: #145da0;\">Nuestra misi\u00f3n es satisfacer las necesidades de equipos para envasar productos a granel en bolsas de diferentes presentaciones, desde 0.1 a 1000 kilos, as\u00ed como diversos equipos para el cerrado de las bolsas y sacos, ya sea con procesos manuales, semiautom\u00e1ticos o totalmente autom\u00e1ticos. Nos comprometemos a brindar un servicio excepcional a cada uno de nuestros clientes, sin importar su tama\u00f1o, y a mantener nuestra reputaci\u00f3n con cada solicitud de equipos o refacciones. A lo largo de los a\u00f1os, hemos dise\u00f1ado l\u00edneas completas de fabricaci\u00f3n de productos que abarcan desde el mezclado, envasado, cerrado y estibado de bolsas, adapt\u00e1ndonos a una variedad de pesos, texturas y tipos de bolsas.<\/span><\/p>\n<p>\u00a0<\/p>\n<h1 style=\"text-align: center;\"><span style=\"color: #000080;\"><strong>VISI\u00d3N<\/strong><\/span><\/h1>\n<p><span style=\"color: #145da0;\">Nuestra visi\u00f3n es ser l\u00edderes en el mercado de equipos de envasado y cerrado de productos a granel, reconocidos por nuestra innovaci\u00f3n, calidad y servicio al cliente. Buscamos expandir nuestras capacidades tecnol\u00f3gicas y de dise\u00f1o para ofrecer soluciones integrales y eficientes que respondan a las necesidades cambiantes de la industria. Aspiramos a construir relaciones duraderas con nuestros clientes, basadas en la confianza y la satisfacci\u00f3n mutua, y a contribuir al \u00e9xito y crecimiento de sus negocios mediante la entrega de productos y servicios de la m\u00e1s alta calidad.<\/span><\/p>\n<\/div>\n<div class=\"wp-block-group\">\n<p><!-- \/wp:paragraph --><\/p>\n<\/div>\n<p><!-- \/wp:group --><\/p>\t\t\t\t\t\t<\/div>\n\t\t\t\t<\/div>\n\t\t\t\t\t<\/div>\n\t\t\t\t<\/div>\n\t\t\t\t<\/div>\n\t\t","protected":false},"excerpt":{"rendered":"<p>ALTA TECNOLOG\u00cdA EN ENVASADO, S.A. DE C.V. Fue fundada en 1993, por lo que se ha consolidado como una empresa l\u00edder en el mercado gracias &hellip;<\/p>\n","protected":false},"author":1,"featured_media":0,"parent":0,"menu_order":0,"comment_status":"closed","ping_status":"closed","template":"elementor_header_footer","meta":{"_monsterinsights_skip_tracking":false,"_monsterinsights_sitenote_active":false,"_monsterinsights_sitenote_note":"","_monsterinsights_sitenote_category":0,"_themeisle_gutenberg_block_has_review":false,"footnotes":""},"aioseo_notices":[],"_links":{"self":[{"href":"https:\/\/altatech.mx\/index.php\/wp-json\/wp\/v2\/pages\/65"}],"collection":[{"href":"https:\/\/altatech.mx\/index.php\/wp-json\/wp\/v2\/pages"}],"about":[{"href":"https:\/\/altatech.mx\/index.php\/wp-json\/wp\/v2\/types\/page"}],"author":[{"embeddable":true,"href":"https:\/\/altatech.mx\/index.php\/wp-json\/wp\/v2\/users\/1"}],"replies":[{"embeddable":true,"href":"https:\/\/altatech.mx\/index.php\/wp-json\/wp\/v2\/comments?post=65"}],"version-history":[{"count":45,"href":"https:\/\/altatech.mx\/index.php\/wp-json\/wp\/v2\/pages\/65\/revisions"}],"predecessor-version":[{"id":1103,"href":"https:\/\/altatech.mx\/index.php\/wp-json\/wp\/v2\/pages\/65\/revisions\/1103"}],"wp:attachment":[{"href":"https:\/\/altatech.mx\/index.php\/wp-json\/wp\/v2\/media?parent=65"}],"curies":[{"name":"wp","href":"https:\/\/api.w.org\/{rel}","templated":true}]}}